0)?
0
Calculate (-2 - -7) + (17 - 22).
0
4 + (12 - 18) + -3
-5
What is the value of (9 - 5) + -3 - (7 + 1)?
-7
Calculate (-1 - 0) + (53 - 46).
6
Calculate 2 + -3 + 4 - -2.
5
7 + (-4 - 5) + 5
3
What is the value of (1 - 5) + 83 + -77?
2
Evaluate -4 + (-5 - -3) - -6.
0
Evaluate -2 + (4 - (6 + -2)) + 3.
1
What is (-1 + 3 - (4 - -1)) + 3?
0
Calculate 52 + -56 + -1 + (1 - 1).
-5
-6 - (4 + 2 - (-9 + 16))
-5
What is the value of (0 - 3) + 4 - 4 - 2?
-5
What is the value of -4 - (-1 - (1 + -2 + 0))?
-4
Evaluate 0 + (-4 - -2 - (0 + 1)).
-3
Evaluate 5 - ((0 - 0) + -4 + 9).
0
Evaluate -1 + -1 + 4 + 0 - 3.
-1
Calculate (25 - (1 + 18)) + (0 - 0).
6
What is the value of -6 + (1 - (-15 - -8))?
2
Calculate -28 - -14 - -19 - 15.
-10
Calculate 2 - 6 - (0 + 0) - -7.
3
Calculate 2 + (-4 - -10) - 10.
-2
(-4 - 0 - (-9 - -3)) + 0
2
What is -4 - (0 + 0) - (-15 + 14)?
-3
What is the value of 9 - 4 - (8 - (0 - -4))?
1
4 - (-2 + (12 - 7) + -5)
6
Evaluate -2 - (0 - -4) - (-2 + -9).
5
-5 + 1 - (3 + -6) - 3
-4
What is -8 + 0 + (-15 - -26) + 2?
5
-7 - -14 - (11 + (2 - 4))
-2
Calculate 3 + 1 + -1 - (0 + 0).
3
Calculate (15 - 14) + (-6 - 0).
-5
Evaluate -5 + (3 - 0) - (-2 + -3).
3
Evaluate 1 + 1 - (-42 - -46).
-2
What is the value of 2 + -4 + 7 - 4?
1
Calculate -17 + 10 + 7 + 4.
4
Calculate -1 + 0 - (6 + 3 + -8).
-2
-1 - (1 + -4 + (-2 - -1))
3
Calculate 4 + (4 - 8) - 3 - -3.
0
What is the value of -5 + 6 - 2 - (3 + 1)?
-5
What is the value of -1 - (-4 - ((1 - -5) + -15))?
-6
(0 - -1 - (-1 + -6)) + -3
5
What is the value of (10 - 3) + (1 - 1) + -4?
3
Calculate (-6 + -12 - -6) + 10.
-2
Calculate 7 - 2 - (8 + 1).
-4
-4 + (5 + -5 - -6)
2
Calculate (1 - (-1 + 4)) + 4.
2
Calculate -2 - (4 + -5 + -3) - 6.
-4
(0 - -6) + (-25 - -21) + 1
3
What is 0 + (2 - (0 + 3)) + -1?
-2
Calculate -2 - (5 + 4 + -5).
-6
Evaluate -1 - 1 - (-2 + 2 - -1).
-3
What is the value of -2 - (3 - ((1 - 4) + 4))?
-4
Calculate -19 + (-8 - -17) + 17.
7
What is the value of (1 - 0) + (9 - (2 + 4))?
4
6 - (-5 + (28 + -8 - -1))
-10
Evaluate 1 + (-1 - 3) - 1 - 0.
-4
What is 1 - (-3 - -3 - (1 + -4))?
-2
What is the value of (2 - 4) + 1 + (3 - 1)?
1
Evaluate 1 - (-6 + -2 + 3 - -7).
-1
What is the value of -4 + 1 - (0 + -4)?
1
What is the value of 7 + -5 + -4 + -3?
-5
Evaluate -1 - (0 - (3 - 7)).
-5
Calculate -5 + (-2 - (-2 - -2)) + 5.
-2
18 + -23 + (0 - -1) - 1
-5
-2 + (1 - (-18 - (-2 - 6)))
9
8 + 0 + -15 + -4 + 4
-7
What is (-2 - -11) + -4 - 1?
4
Calculate 9 + -3 + -7 + -1.
-2
Calculate (-9 + 6 - -7) + 1 + -10.
-5
What is 3 + (3 + 4 + -5 - 3)?
2
Calculate -12 + 16 + -11 + -1 + 4.
-4
Calculate 0 + -5 - (-4 - -1).
-2
What is -1 + 5 + -3 + 2 + -6?
-3
What is the value of 3 - 5 - (2 + 1 + -2)?
-3
(4 - 3) + (-4 - -2)
-1
Calculate (-12 - (-3 - 11)) + (-1 - -1).
2
Evaluate 1 + -3 - -2 - 4.
-4
-1 + (-4 + 7 - 3) + -4
-5
2 + (-1 - -1 - 6)
-4
What is (8 + (-1 - 1) - 3) + -7?
-4
Calculate 10 + (3 - 11) + 6.
8
Calculate 1 + -1 + -4 + 1 - -2.
-1
Evaluate (18 - (5 + 0)) + 9 + -13.
9
Calculate -8 + (-1 - -7) + -2.
-4
Evaluate 2 + 3 - (9 + 1).
-5
2 - 3 - 1 - 2
-4
What is 10 + (-3 - 0 - -7) + -9?
5
What is 5 + -6 - (3 - 10) - -5?
11
2 - (3 + (3 - 4))
0
(0 - (4 + -4 + 1)) + -3
-4
Calculate -2 + -7 + (61 - 53).
-1
What is the value of 5 + 4 + -4 + -1?
4
0 + -11 + -177 + 192
4
Evaluate -9 + 21 + (-8 - -1) - 1.
4
1 + (-9 - -6) + 10
8
What is the value of -2 + -1 + 0 + -1 - -2?
-2
What is 6 - ((-4 - -2) + 7)?
1
Calculate 0 + -6 + (11 - 10).
-5
What is -2 + 1 + (-2 - -7)?
4
What is 1 + 2 - ((11 - 3) + -12)?
7
Evaluate 2 - (-7 - -10 - 8 - -12).
-5
What is -9 - -4 - (13 + (-15 - -5))?
-8
What is the value of -3 + (0 - 2 - (34 - 40))?
1
Calculate 0 + 4 + -7 - -4.
1
Calculate -1 - (-1 + 6 + -13) - 3.
4
What is -4 - (-7 + 2 - 5)?
6
Evaluate -7 + (3 - (0 + (-5 - -4))).
-3
What is -20 - -10 - 0 - -14?
4
Evaluate 2 + (-4 - (-1 - 3)) - 5.
-3
What is the value of (1 - 3) + (61 - 51)?
8
1 + 1 - ((-5 - 3) + 5)
5
Calculate -4 - (-10 - -2) - (4 + -1).
1
Evaluate -14 - -15 - 5 - (2 + 1).
-7
Calculate (4 - 7) + 3 + -6.
-6
What is the value of 27 + -18 + -3 + 3 + -6?
3
Evaluate (17 + -5 - 29) + 14.
-3
7 + 2 + (-2 - (1 - -1))
5
What is the value of (-3 - (2 + -3)) + 2?
0
Calculate -2 - (-5 - -2 - (0 + 0)).
1
What is (-9 + 8 - 5) + 12?
6
Evaluate -7 + 8 + (-1 - 3).
-3
Calculate -7 + (5 + 3 - -3).
4
What is (-9 - 0) + (-30 - -31)?
-8
Evaluate 6 + (-3 + 0 - 6).
-3
What is the value of 5 - 0 - (10 + -8)?
3
What is the value of 9 + -3 + (0 - -2) + -5?
3
What is the value of -5 - -1 - (-2 - -3)?
-5
Calculate (4 + -2 - 6) + (3 - -2).
1
(-7 + 3 - -2) + -2
-4
What is (-162 - -173) + (0 - 3)?
8
What is (0 - (-7 - 0)) + -9?
-2
Evaluate 5 + 1 - (1 - -1).
4
Calculate -3 - 2 - (-9 + 5).
-1
Evaluate (3 - 5) + -10 + 8.
-4
What is the value of -4 + (1 - -3) + 0 - 0?
0
-133 + 136 - (10 + 0)
-7
What is -64 - -59 - (1 + -8)?
2
What is -1 + 0 + 6 - (-473 - -478)?
0
Evaluate 9 - (4 + (7 - 8)).
6
What is the value of -5 + -45 + 38 + 1 + 6?
-5
What is -8 + (1 - -4) + -3?
-6
-4 - (-2 + -2) - 1
-1
Calculate -5 + (5 + -1 - -1).
0
-4 + (-1 - -5 - (7 - 4))
-3
Evaluate 0 - ((0 - 0) + 4).
-4
Evaluate (-3 - (1 - (-2 - -1))) + 2.
-3
Evaluate -7 - -1 - (-12 + 1 - -3).
2
-1 + 9 + -4 + (-3 - -1)
2
Evaluate -5 + 1 + (-1 - -5 - 5).
-5
Calculate 16 + -17 + -3 + 0 - -7.
3
5 - (5 - 2) - 3
-1
Calculate -2 - (-3 - (1 + -5)).
-3
What is the value of -2 + -2 + -7 - -15?
4
What is (0 - -2 - 0) + 4 + -4?
2
Calculate -6 + (-5 + 9 - 1).
-3
What is the value of 2 + (-1 - -1) + -4?
-2
What is (-6 - (2 - 3)) + (-38 - -38)?
-5
What is 3 + (-7 - (-7 + 3))?
0
Calculate 1 - (2 + -3 + 8).
-6
Calculate 0 - ((1 - 0) + 3) - 3.
-7
Calculate -2 - (7 + -4) - 1 - -1.
-5
What is the value of 10 - (1 - (5 + -9 + 2))?
7
(29 - 25) + -8 + 2
-2
Evaluate (4 - (-7 - -4)) + -4.
3
Evaluate 0 + 0 + (0 - 1) + -2.
-3
What is -1 - 1 - (-57 + 59)?
-4
Evaluate -61 - -60 - (7 - 2).
-6
What is the value of -15 + (0 - -11) + -2?
-6
Calculate (-4 - (10 + -3)) + 9.
-2
What is the value of (3 - 0 - 2) + 2 + -2?
1
What is 6 - (9 + -8) - -1?
6
-2 - (6 - 1 - 7)
0
What is the value of 2 + (0 - -2) + (10 - 9)?
5
What is -6 - (-2 - -2) - (10 + -12)?
-4
-1 + -2 + 3 - (1 - -7)
-8
Evaluate -1 + 0 - (-5 - (-7 + -1)).
-4
What is the value of -1 + (-8 + 4 - 0) - -9?
4
What is the value of -8 - -5 - -17 - 6?
8
-15 - (-5 + 3 + -3) - -5
-5
Calculate 1 + -1 + 1 + -4.
-3
Evaluate 8 + -1 + -2 + (3 - 3).
5
-1 + (-1 - -5) + -3
0
(-11 - -1) + (7 - 2)
-5
Calculate -3 - (0 - -2) - (-9 - -6).
-2
1 + 0 + (-2 - 2)
-3
What is the value of -1 + (-4 + 0 - -1)?
-4
Calculate -13 - (-11 - (-2 - 3)).
-7
What is 2 - 4 - (2 + 2)?
-6
What is the value of 8 - ((5 - 18) + 7 + 6)?
8
What is (-9 - (3 + -8)) + 4?
0
What is -7 - (-2 + -6 + 5)?
-4
What is the value of 2 - 3 - (-40 + 44)?
-5
Calculate (6 - (-2 + 2)) + (-5 - -2).
3
What is -1 + (-3 - -2) + (34 - 38)?
-6
Calculate 3 + (3 - (0 - -1)).
5
Evaluate 2 - (-3 - -12 - 7).
0
What is -3 - -1 - -1 - -6?
5
(7 - (-1 - -6)) + 1
3
What is the value of 2 - 1 - ((16 - 8) + -4)?
-3
-1 + (1 - -1) + (58 - 62)
-3
-4 + (-4 - -11) + 1
4
What is the value of -47 - -43 - (-17 - -3 - 0)?
10
Evaluate (1 - 9) + 14 - -3.
9
Evaluate (-2 - 7 - 0) + (21 - 16).
-4
Evaluate 15 - 19 - (0 + 0 - 11).
7
Evaluate -1 + 1 + 13 - (551 + -545).
7
Calculate -1 + 7 + -14 + -4 + 6.
-6
-1 + -1 + -3 + 0 - -1
-4
What is -7 - ((-5 - 10) + 6)?
2
Evaluate -1 + 0 + 3 - (-6 - -5).
3
Evaluate (-17 - -10) + 13 + -1 + 5.
10
What is the value of -8 + 11 - (-1 + 9)?
-5
-8 + 1 + (-3 - -1 - -4)
-5
Evaluate -3 + (0 - 1 - -6 - 0).
2
Calculate (-2 - 3) + 0 - -6 - 5.
-4
Evaluate -6 + (-7 + 12 - -8).
7
What is -1 + 7 + -8 + 4?
2
What is 5 - (5 - (-6 - -4))?
-2
Evaluate (-15 + 15 - (2 - 2)) + -1.
-1
87 + -77 - (-1 + 0 + 6)
5
Calculate 7 - (6 + (5 - 6)).
2
Calculate (0 - -3) + (5 + -8 - 4).
-4
What is the value of 0 - (-2 - (-7 - -4))?
-1
What is -1 + -5 - (-55 + 45)?
4
Calculate -3 - 3 - -6 - 5 - -4.
-1
Evaluate (2 + -2 - (2 - -3)) + 1.
-4
Calculate -5 - (4 + -11 + 0).
2
What is (5 - 6) + -2 + 1?
-2
Calculate 3 - -2 - (-2 + 6).
1
Evaluate (8 - 2) + -12 + 4.
-2
What is 5 + 2 + -8 + 1?
0
Evaluate -3 + -3 + (-5 - -11) - 7.
-7
13 + -13 - (-2 + -4)
6
What is the value of -1 + -2 + 2 + -6 + 4?
-3
What is the value of (13 - 6 - 11) + 10?
6
What is the value of 4 - -1 - (-23 - -24)?
4
What i